v(s) = 5*s**2 + s - 2. Suppose 16 = 6*c - 4*c - 4*d, 3 = -4*c + d. What is the units digit of v(c)?
6
Let g = -96 - -121. What is the tens digit of g?
2
Let g = 294 - 20. What is the tens digit of g?
7
Suppose 1 = 2*c - 7. Let s(t) = -t**3 + 5*t**2 + t + 1. What is the units digit of s(c)?
1
Let m = 16 + -14. What is the units digit of m?
2
Let w be (-8)/(-12) - (-922)/(-6). Let y = -106 - w. What is the units digit of y?
7
Let x(s) = s**3 + 4*s**2 - 7*s - 6. Let h be x(-5). Suppose h*b - 13 = 11. What is the units digit of (2/3)/(2/b)?
2
Suppose -6*m - 15 + 141 = 0. What is the units digit of m?
1
Let s(y) = 16*y - 7. Let m be s(5). Suppose -2*q = -5*v + q - m, q = -2*v - 27. Let i = -2 - v. What is the units digit of i?
2
Let l(p) = -p - 13. Let v be l(0). Suppose -4*d + 26 = -5*y, -y = -4*y - 4*d - 22. Let o = y - v. What is the units digit of o?
7
Let a be -1 + (0/1 - -7). Let o(l) = l**3 - 4*l**2 - 2*l + 4. Let m be o(4). Let j = a + m. What is the units digit of j?
2
Suppose 3*x - 6 = -30. Let s(d) = -2*d**2 - 15*d + 11. What is the units digit of s(x)?
3
Suppose -4*s = l - 18 + 6, -5*s + l + 6 = 0. Suppose -6*b + 68 = -s*b. What is the tens digit of b?
1
Let t(q) = q - 3. Let h be t(5). Let a(l) = 27*l - 3. Let s be a(h). Suppose -4*f + 7 = -5*c + s, 0 = -2*c - 2*f + 14. What is the units digit of c?
8
Let q = -2 - -4. Suppose 1 = -q*g + 5, 3*g + 9 = 5*j. What is the units digit of j?
3
Suppose 5*m - 360 = -5*s, 3*s - 229 + 13 = m. Let r = s + -51. Suppose 5*d - r - 19 = 0. What is the units digit of d?
8
Suppose 2*d = -3*x + 8, 0 = 3*x + d + 3*d - 10. Suppose k + x*o = 7*o + 17, -4*k - 2*o + 2 = 0. Suppose 0 = -k*v + 13 + 1. What is the units digit of v?
7
Let w be (0 - -3) + -3 + 13. Let n = -3 + w. What is the units digit of n?
0
What is the tens digit of (18/(-8))/(6/(-72))?
2
Suppose -3*f - 90 = -4*u + 51, 2*f + 106 = 3*u. What is the tens digit of u?
3
Let f be 1/2 - (-3)/(-6). Suppose c + 4*c = f. Suppose -4*a + 7 = u, c*a = 3*a - 3. What is the units digit of u?
3
Let k(r) = -r**3 - 9*r**2 - 9*r - 2. Suppose x + 3 = -5. Let v be k(x). What is the units digit of (5 - v)/(1/(-19))?
9
Suppose -2 - 2 = -j. What is the units digit of j?
4
Let d be 19/3 + 4/6. Suppose 2*x - 6 = -5*i, 4*x + 0*i - 12 = -4*i. Suppose 0*f = x*f + 4*k + d, 2*k + 8 = 0. What is the units digit of f?
3
Let q be 1/(25/26 - 1). Let p = -12 - q. What is the tens digit of p?
1
Suppose -3*a - 2*a + 80 = 3*x, -5*x = 3*a - 48. Suppose 3*m - 5*r - a = 64, -92 = -4*m + 3*r. What is the units digit of m?
0
Suppose 2*f - 4*m + 18 = -m, -4*m = -5*f - 31. What is the units digit of (-5)/((0 - f) + -4)?
5
Suppose -1 = z - 7. What is the units digit of 4 + (0 - 1) + z?
9
Let y(t) = -t**2 + 5*t - 2. Let r be y(3). Suppose r*b - 3*n - 84 = 0, 0 = b - 3*n - 9 - 3. What is the units digit of b?
4
Suppose -2*x + 279 = i, x + 5*i = 4*x - 412. What is the units digit of x?
9
Suppose 2*d - 10 = 14. What is the units digit of d?
2
Let j(w) be the second derivative of w**5/20 + 7*w**4/12 - 11*w**3/6 - 6*w**2 + 2*w. What is the tens digit of j(-8)?
1
Suppose -2*l + 4*w = -18, l - 2*w - 14 = -w. What is the units digit of l?
9
Suppose g = 5*k - 10, -7 - 3 = 5*k + 3*g. Let v(p) = -p + 2. What is the units digit of v(k)?
1
Let h(k) = k**3 - 3*k**2 + 2*k. What is the tens digit of h(5)?
6
Let f(d) = d**3 - 5*d**2 + 5*d + 2. Suppose -1 = -2*l + 7. Let g be f(l). Suppose 4*y + g = 46. What is the units digit of y?
0
Suppose 6 = -0*b + 2*b. Let c(j) = -6*j + 3. Let r be c(-2). Suppose 0 = -5*s + g - b*g + r, 40 = 4*s - 4*g. What is the units digit of s?
5
Suppose 0 = -4*c + n - 39, -5*c - 33 = -0*c + 4*n. Let h be (-32)/18 + 2/c. What is the units digit of h/(1/3*-2)?
3
Let s be (-30)/(-5) + -3*1. Suppose z + 32 = s*h - z, 0 = 4*h - 4*z - 44. What is the tens digit of h?
1
Suppose -47 + 157 = 4*c + 2*j, 0 = -c - 3*j + 25. What is the units digit of c?
8
Let h(d) = 45*d**3 - 4*d**2 + 3*d. What is the units digit of h(1)?
4
Let s be (-1)/(-2 + 3/2). Suppose s*r + 2 = -2*x + x, 0 = -2*r - 8. What is the units digit of x?
6
What is the units digit of (-2 + 1)*(-5 + 1)?
4
Suppose s = -5*p + 17, 2*p + 5*s + 1 = -6. Suppose a = -5*o, -a + 26 = p*a - o. Suppose -5*t + 4*k = -62, a*t + 2*k = 37 + 37. What is the tens digit of t?
1
Let l(v) = 8*v - 22. What is the tens digit of l(12)?
7
Let f(d) = -d**3 - 22*d**2 - 21*d + 5. What is the units digit of f(-21)?
5
Let x be (1*-1)/(2/(-62)). Let z = 33 + -30. Suppose 4*u + u + i = 43, z*u - x = 2*i. What is the units digit of u?
9
Suppose -b + 0*b = -8. Suppose 4 = q - b. Suppose 8 = 2*d + p, 3*d - q = -p + 3*p. What is the units digit of d?
4
What is the units digit of (4/5)/((-20)/(-600))?
4
Let x = -22 + 38. Suppose -x - 4 = -4*a. Suppose 6 = 2*o - 2*s, 0 = -o - a*s - 3. What is the units digit of o?
2
Suppose 11*d - 1512 = 2*d. What is the hundreds digit of d?
1
Let s = -6 + 7. Let z be 58/6 + 1/3. Suppose -s = v - z. What is the units digit of v?
9
Suppose -28 = -5*r + 67. Suppose 2*q - 33 = r. What is the units digit of q?
6
Let w = 9 - 7. Suppose w = -l + 5. What is the units digit of l?
3
What is the units digit of 1/6*-3*-146?
3
Suppose 2 = 2*p - 0. Suppose -z - p = -0*z. Let o(x) = -10*x**3 - 2*x - 1. What is the tens digit of o(z)?
1
Suppose -2*w - 688 = -5*c - 65, 2*w - 377 = -3*c. What is the hundreds digit of c?
1
Let k(i) = -20*i**3 + i. Let a be k(-1). Let v = a + -13. Suppose -3*x - 7 = -2*f - v*x, 4*f + 3*x = 17. What is the units digit of f?
5
Suppose 4*i = -5*v - 10 + 31, 17 = 3*i + 5*v. Suppose -x = q + 3, -5*x - 2*q = -i*q + 15. Let c = 5 + x. What is the units digit of c?
2
Let z(x) = -2*x**3 + 3*x**2 + 4*x + 2. What is the units digit of z(-3)?
1
Let f = 8 + -15. Let r = f + 17. What is the tens digit of r?
1
Let f = 7 + 17. What is the tens digit of f?
2
Let g = 5 - -2. Suppose 0 = -3*x + 11 + g. What is the units digit of x?
6
Let b be (-1)/(-3 + (-242)/(-81)). Suppose 0 = 4*z - 4*i - 184, -3*i - 141 - b = -5*z. What is the tens digit of z?
4
Suppose 0 = 7*g - 5*g - 204. What is the tens digit of g?
0
Let v(w) = w**2 - 5*w - 6. Let o be v(6). Let b be 2 + o - (0 + 0). Suppose -5*h - 2*k - 10 = -65, 4*k = b*h - 22. What is the units digit of h?
1
What is the units digit of 3*((-47)/(-3) + 4)?
9
Let f = 3 + -13. Let u = f + 14. Suppose u*g - 51 + 3 = -5*x, -12 = -3*x. What is the units digit of g?
7
Suppose -4*l - 7*l + 2090 = 0. What is the hundreds digit of l?
1
Let y(d) = d**2 - 10*d - 10. Let z(u) be the second derivative of -u**5/20 + 5*u**4/6 - 7*u**3/6 - 3*u**2 - 3*u. Let x be z(9). What is the tens digit of y(x)?
1
Let t(g) = g**2 + 6*g + 3. Let i be t(-5). What is the units digit of i/6*(-5 - -2)?
1
Suppose -2*w - 3*x + 54 = w, 0 = -5*w + 4*x + 54. What is the tens digit of w?
1
Let h(c) = c**3 + 16*c**2 - 20*c - 22. What is the units digit of h(-17)?
9
Let z be 0 + 3*10/(-3). Let j(d) = 3*d**2 - 4*d. Let y be j(3). Let k = y + z. What is the units digit of k?
5
Let n be (-1)/4 - 135/(-12). Let l = 8 - n. What is the units digit of 93/12 - l/12?
8
Let q(l) = l - 5. What is the units digit of q(14)?
9
Let z = 2 + -1. Let w = z - -4. Let a = w + -4. What is the units digit of a?
1
Let s(i) = -i**3 - 12*i**2 - 11*i - 8. Let a be s(-11). Let z = a + 14. What is the units digit of z?
6
Let z(l) be the third derivative of -l**7/420 + l**5/120 + l**4/24 - l**3/6 + l**2. Let d(y) be the first derivative of z(y). What is the units digit of d(-1)?
2
Let g(r) = 3*r**2 + 2. Let h be g(2). Suppose 5*a = -h - 6. What is the tens digit of -30*(1 - a/(-3))?
1
Suppose -5*m - 26 = -10*m + 3*d, 4*m = -4*d + 8. Let l(u) = -u**3 + 4*u**2 + 5*u - 6. What is the units digit of l(m)?
4
Suppose a - 6 = 6. What is the units digit of a?
2
Let l(y) = 2*y - y + 0*y - 1. Let s be l(5). What is the units digit of -4*s*(-1)/2?
8
Let w = -29 + 50. Let d(j) = -6*j - 31. Let a be d(-10). Let u = a - w. What is the units digit of u?
8
Let c(k) = -k**3 + 10*k**2 + 14. Suppose -4*v - 6 = -46. What is the units digit of c(v)?
4
Suppose -7 - 3 = -3*f - 2*y, -5*y = -4*f - 2. What is the units digit of f?
2
Suppose 0*m + 5*m - 481 = -3*l, 5*l = 2*m + 843. What is the hundreds digit of l?
1
Suppose b - 13 = 22. Let u = b - 12. What is the tens digit of u?
2
L